
3
What is the units digit of (21 + -4)/(1*2/10)?
5
Let q(w) = -11 + 5*w + 19 - 7. What is the units digit of q(5)?
6
Suppose -355 = -5*i - 25. What is the tens digit of i?
6
Let t(h) = -h**2 + h - 2. Let n be t(4). Let o = n - 7. Let q = -2 - o. What is the tens digit of q?
1
Suppose -2*v + 3*v - 69 = -3*p, 5*v + p - 275 = 0. What is the units digit of v?
4
Let t = -38 + 23. Let c be t*((-8)/6)/4. Suppose 4*u = c*b + 45, -2*b = u - 13 + 5. What is the tens digit of u?
1
Let l be 9*((-24)/(-9))/4. Let a = 9 - l. Suppose a*u - 14 = -2. What is the units digit of u?
4
What is the units digit of ((-275)/(-20))/(3/12)?
5
Suppose y - 100 = -3*k - 0*k, 2*y - 208 = -4*k. What is the units digit of y/18 + 2/(-9)?
6
Let a(k) = -k**3 - 2*k**2 - 4*k - 3. Let v be 1/(1/3) + -5. What is the units digit of a(v)?
5
Suppose 0 = -3*y + 5*y - 4. Suppose -y*d = d - 9. Suppose t = 5*q - 4 - 2, d*t - q - 24 = 0. What is the units digit of t?
9
Let p be (15/(-10))/(3/(-4)). Let x(c) = c**3 - c**2 - c. What is the units digit of x(p)?
2
Let g = -22 + 32. What is the tens digit of g?
1
Let j(d) = 2*d**2 - 4*d. Let y be j(3). Suppose y*t = t. Suppose 2*l - 4*l + 4 = t. What is the units digit of l?
2
Let k = 0 - -3. Let h = k + -3. Suppose -f + 5*s = -0*s - 21, h = -3*f + 3*s + 27. What is the units digit of f?
6
Suppose f = -2*f + 228. Suppose 0 = 3*i - 29 - f. What is the tens digit of i?
3
Suppose -1 = 2*a - 3*a. Suppose a = -6*l + 7*l. Suppose -4*b = -2*h - 6, -4*b + b = -5*h - l. What is the units digit of b?
2
Suppose 4*h - 37 = -3*p, -4*p - 4*h + 56 = -0*p. Suppose 5 - p = -2*q. What is the units digit of q?
7
Let p(j) = -j**2 + j - 1. Let d(i) = i**3 + 9*i**2 - 3*i - 11. Let s(v) = d(v) + p(v). Let a be s(-8). Suppose a*f - 50 = -18. What is the units digit of f?
8
Suppose -4*f + 9*f = -2*a - 18, -2*f - 24 = 5*a. Let p(x) = -8*x - 2. What is the units digit of p(f)?
4
What is the tens digit of (1 + -80)/((-3)/12)?
1
Let y(s) = 2*s**2 - 2*s - 1. Let m be -4 - -3 - 1*-5. What is the tens digit of y(m)?
2
Let o(j) = j + 5. Let q be o(-5). Suppose y - 4*d = 23 - 5, q = 4*d + 12. What is the units digit of y?
6
Suppose -3*l + 43 + 28 = -5*q, l = 2. What is the units digit of 1/2 + q/(-2)?
7
Suppose -5*c + c - 8 = 0. What is the units digit of 84/18 - c/(-3)?
4
Let r(i) = -i**3 + 6*i**2 + 7*i + 7. What is the tens digit of r(5)?
6
Let b(d) = -d**3 + 7*d**2 - 6. Let m(h) = -3*h**3 + 15*h**2 - 13. Let x(s) = -9*b(s) + 4*m(s). What is the tens digit of x(-2)?
1
What is the units digit of ((-8)/6)/((-1)/24)?
2
Let k = 123 + -46. What is the tens digit of k?
7
Let x(i) = 8*i**2 + 4*i - 1. Let p = -1 + 4. Let t be x(p). Suppose -16 + 91 = 5*o + 5*b, -t = -5*o + 3*b. What is the tens digit of o?
1
Let m = 272 + -84. What is the hundreds digit of m?
1
Suppose -231 = -2*q - 5*t, t = -4*t - 15. What is the tens digit of q?
2
What is the units digit of ((-10)/15)/((-2)/9)?
3
Suppose 3*m - 4*m = -5. Suppose -1 = 4*x - m. What is the units digit of x?
1
What is the tens digit of -1*((0/2)/(-4) + -253)?
5
Suppose -11 - 27 = -f. What is the units digit of f?
8
Let d(j) = -j**3 + 2*j**2 + 3*j. Let z be d(3). Let t be 4/26 - 63/(-13). Suppose 0 = 3*a - 4*a - 4*n + 19, 2*a + t*n - 32 = z. What is the tens digit of a?
1
Suppose 3*r - 4*j - 194 = 0, 0*r - 250 = -4*r + j. What is the tens digit of r?
6
Suppose 125 = 3*k + 2*k. Suppose -6*v = -v - k. What is the units digit of v?
5
What is the tens digit of (-21)/14 - (-141)/2?
6
Suppose 6 = 2*k + 2. Let x(z) = 6*z - 1. What is the tens digit of x(k)?
1
Let l be 2/15*6*-5. Let o(h) = -5*h - 3. What is the tens digit of o(l)?
1
Let y be 0 + 1 + (-117)/(-1). Suppose -2*t + k - 3*k + 52 = 0, 0 = 3*t - 5*k - y. Let u = 43 - t. What is the tens digit of u?
1
Suppose 6*d - 2*d = 8. Suppose p = d*p - 6. What is the units digit of p?
6
Let z be (10/7)/(4/28). Suppose 0*i - z = -i. What is the tens digit of i?
1
Let j be 70/9 + (-8)/(-36). Suppose 8 + j = 2*h. What is the units digit of h?
8
Let a(c) be the second derivative of -5/3*c**3 - 3/4*c**4 + c**2 + 2*c + 0 - 1/20*c**5. What is the units digit of a(-8)?
8
Let f be (-2)/7 - (-74)/14. Suppose 2*x = -5*u + 4*u + 48, u + 5*x = 54. Suppose -4*y + u = -f*m, -2*y = -3*m - 2*m - 32. What is the units digit of y?
6
Let j(n) = 2*n + 3*n - n - 2*n + n**2. What is the units digit of j(-6)?
4
Let t = 74 + -43. Suppose -4*l = 33 + t. What is the units digit of (3 + -4)*l/2?
8
Let s(n) = 2*n**2 + 11*n - 14. What is the tens digit of s(-11)?
0
Suppose 7 = x + 2. Suppose 3*q + 11 = x*o, 4*o - 17 - 3 = 4*q. Let p = q + 11. What is the units digit of p?
4
Let j = 1 - -4. Suppose -n + 0*n - 8 = -j*z, 2*z + 4 = -2*n. What is the units digit of z?
1
Let q = 5 + -3. Suppose 4*v + 0 = -2*g - q, 4*g = 2*v + 26. What is the units digit of g?
5
Suppose 11*i = 7*i + 152. What is the tens digit of i?
3
Suppose -21 + 227 = 3*i + 5*w, 0 = -i + 3*w + 64. What is the units digit of i?
7
Let y be (-1)/(-4) + (-21)/(-28). What is the units digit of 24 + y + (-3)/3?
4
Suppose 2*g = 4*y - 3*g - 3, 3*g = 2*y + 1. Suppose 4*u - 3*u - y = 0. Let v(k) = -k**3 + 6*k**2 + 10*k - 8. What is the units digit of v(u)?
3
Let q(g) = g**3 + g**2 + g + 14. Let y be q(0). Suppose y + 38 = p. Suppose 4*c + 0*c - p = 0. What is the tens digit of c?
1
What is the units digit of (17850/39)/2 + (-16)/(-104)?
9
Let b(z) = -4*z**3 - 4*z**2 - z + 2. What is the units digit of b(-2)?
0
Let h(r) = -r**3 + 7*r**2 - 3*r - 8. Let n be 2 + (4 - (-3 + 3)). Let u be h(n). What is the units digit of (2*1)/(1/u)?
0
Suppose -2*r - c - 76 = -3*r, -r = -2*c - 72. What is the units digit of r?
0
Suppose s + 3*s = 80. Suppose -8*u = -9*u + s. What is the units digit of u?
0
Let k = 3 - -1. Suppose 0*r = k*r - 8. Suppose -2*o + r*b = b, b = 4. What is the units digit of o?
2
Suppose -51 = -c - 3*f, -21 = -0*c - c + 3*f. What is the units digit of c?
6
What is the tens digit of (-1 + 3)/((-2)/(-28))?
2
Let p(j) = j**3 + 7*j**2 + 5*j. What is the units digit of p(-4)?
8
Let b = -2 + 4. What is the units digit of 65/b - 3/6?
2
Suppose 0 = -5*v - 27 + 167. What is the tens digit of v?
2
Suppose 5*t - 18 = 2*t. What is the units digit of 15*1*t/10?
9
Let v be 179/3 - 3/(-9). Suppose y = -2*y + v. What is the units digit of y?
0
Let r(w) = -w**2 - w + 8. Suppose t + t = -3*m + 6, -15 = -3*m - 5*t. Let u = 0 + m. What is the units digit of r(u)?
8
Suppose -d = 2*d + 9. Let s be ((-24)/(-10))/(d/(-20)). Suppose -3*z - 2*c - 16 = -7*z, 4*z + 5*c = s. What is the units digit of z?
4
Let a(j) = -3*j + 3. Let q be 7*2/7*1. Let x be a(q). What is the units digit of (-1)/((x/(-21))/(-1))?
7
Let z(r) = 5*r - 6. Let n be z(5). Let m = n - 40. What is the units digit of m/(-6) + (-3)/(-6)?
4
Suppose 5*q - 3*j - 103 = 175, -169 = -3*q + 4*j. Suppose q = 5*f - 0*f. What is the units digit of f?
1
Suppose -4*q = 2*f - 16, -5*q = f + 2*f - 19. Let s(l) = -l. Let m be s(2). Let z = m + q. What is the units digit of z?
3
Let a be (-14)/(-6) - 1/3. Let o(d) = d**3 + 2 + 0 + 0 - 2*d**2. What is the units digit of o(a)?
2
Let w = 2 + -2. Let m = w + 7. Let x = m - 4. What is the units digit of x?
3
Let z = 2 + 7. Suppose 2*v - 4*h - z = 15, 0 = h + 2. What is the units digit of (-6)/(1 - -2) + v?
6
Let s = -70 - -100. What is the tens digit of s?
3
Suppose 3*u - 5*d - 6 = 7, 0 = -4*u - 5*d - 6. Let q be 1/u - -2*5. Suppose a + 3 = 4, -a = -2*l + q. What is the units digit of l?
6
Let x be -3 + 23 + 0/1. Let j = -13 + x. What is the units digit of j?
7
Let g(l) be the second derivative of -2*l**3 + 3*l**2/2 + 10*l. What is the tens digit of g(-3)?
3
Let j(r) = r**2 - 5*r + 5. Let o be j(4). Let g(x) = -2 + x**2 + 1 + 6*x - 2*x - 2*x. What is the units digit of g(o)?
2
Suppose -d - 3*l + 49 = 0, d - 98 + 19 = 3*l. What is the units digit of d?
4
Let i(m) = m**3 - m**2 + m - 1. Let u = 3 - 2. Let b be i(u). Suppose -l + c + 13 = 0, 5*c + b*c = -5*l + 25. What is the units digit of l?
9
Let b be (-54)/(-15) - 4/(-10). What is the units digit of 4 + (-4)/(b/(-3))?
7
Suppose -20 = -5*s - 90. Let m be ((-21)/s)/(3/10). Let c = m - 3. What is the units digit of c?
2
Let a(m) = 4*m - 3. Suppose -5*f = -0*f + 2*r, -5*f + 2*r + 20 = 0. Let q be a(f). Suppose 5*l = -q*d + 30, 2*d + d = 3*l - 18.